 by 73.
51
Let v(z) = -4*z**2 - 304*z + 375. Calculate the remainder when 314 is divided by v(-77).
46
Let j be (-7)/((-7)/477) - (3 + -6). Let g = -474 + j. Calculate the remainder when 54 is divided by g.
0
Suppose 0 = -5*p + 16613 - 16463. What is the remainder when 364 is divided by p?
4
Calculate the remainder when (-9628)/(-1) + (-15 - (-782)/34) is divided by 63.
60
Let m(z) = -9*z**3 - 3*z**2 - 30*z - 43. Calculate the remainder when 856 is divided by m(-2).
9
Let t = -30 - -42. Suppose 123 = 11*v - 75. Suppose 0 = -49*z + v*z + 1767. What is the remainder when z is divided by t?
9
Let a = 298 - 116. Let u = a - 175. What is the remainder when 26 is divided by u?
5
Suppose -45*j + 46683 = -6*j. What is the remainder when j is divided by 3?
0
Suppose u - 93 - 233 = -3*o, 2*o + 3*u - 236 = 0. What is the remainder when 455 is divided by o?
31
Suppose -2*h - 3*w = 11, -3*h - 5*w = -7*w - 3. Calculate the remainder when 82 is divided by h*(6 - (-46)/(-2)).
14
Let n = 165 + -296. Let c = n + 138. Suppose 0 = c*q - 2*q + d - 125, -2*q - d = -50. Calculate the remainder when 45 is divided by q.
20
Let r = 23 + 45. Let d(z) = z**2 - 6*z + 23. What is the remainder when r is divided by d(0)?
22
Let m(q) = -8*q - 18. Suppose 4*z - 2*i + 22 = -18, 4*i = -2*z. What is the remainder when m(z) is divided by 16?
14
Let f = -22989 + 23179. Calculate the remainder when 929 is divided by f.
169
Let m(s) = s**3 - s**2 + 2*s + 28. Suppose 23*f + 0 = -0. What is the remainder when 43 is divided by m(f)?
15
Let u = -148 - -167. Suppose 0 = 4*c + 8, 24*c + u = 5*l + 27*c. What is the remainder when 22 is divided by l?
2
Suppose -1999 - 8172 - 2849 = -84*z. What is the remainder when 4649 is divided by z?
154
Let r = 2088 + -1988. Calculate the remainder when r is divided by 55.
45
Suppose -67*a + 20903 + 36382 = 0. Suppose a + 531 = 11*z. Let l(s) = -15*s + 2. What is the remainder when z is divided by l(-2)?
30
Calculate the remainder when 144 is divided by 20*(-11 + ((-287)/(-28) - -1)).
4
Let k(g) = -g**2 - 113*g + 2565. What is the remainder when k(-115) is divided by 73?
72
Let r(z) = 26*z**3 - 36*z + 34. What is the remainder when 204 is divided by r(1)?
12
Suppose 3*n = -5*c - 1097, 3*n + 1073 = 14*c - 13*c. Let a = 378 + n. Calculate the remainder when 243 is divided by a.
15
Let q = -31575 + 31842. What is the remainder when 1019 is divided by q?
218
Let w be (-2 - 5/(-5))*9. Let n = -5 - w. Calculate the remainder when 17/(n*(-1)/(-12)) is divided by 9.
6
Calculate the remainder when 300 is divided by 5439/84 + 187/(-68).
52
Suppose -12*y + 15*y = -18*y + 903. Calculate the remainder when 5931 is divided by y.
40
Let l = 288 - 247. What is the remainder when 358 is divided by l?
30
Suppose 0 = -2*w + x - 6*x - 37, 5*w = -x - 58. Let h = 150 + w. Suppose g + g + 2*j - 76 = 0, 116 = 3*g + 5*j. Calculate the remainder when h is divided by g.
28
What is the remainder when 602 is divided by 10/70 + (-488)/12*12/(-14)?
7
Let a = -9020 - -9133. Calculate the remainder when 161 is divided by a.
48
Suppose 0 = 4*l - 10 - 2, 5*g = -5*l + 60. Suppose 0 = 2*z + 9 - g. Suppose z = -4*d - j - 35 + 118, j + 27 = d. What is the remainder when 80 is divided by d?
14
Let i be 12/(-30) - 1986/(-15). Suppose 1580 = 8*j + i. Calculate the remainder when j is divided by 37.
33
Let k = 255 + 328. Suppose -k = -i - 3*i - 5*q, -4*i + 559 = -3*q. Calculate the remainder when i is divided by 13.
12
Suppose 76*b = 375 + 157. Calculate the remainder when 622 is divided by b.
6
Suppose 186*l = 11226 + 15744. Calculate the remainder when 56982 is divided by l.
142
Let d = 103 - 4. Suppose -d = 2*i + 3*l, 0 = -3*i - 7*l + 4*l - 141. Let a = 49 + i. What is the remainder when a is divided by 2?
1
Let y = -10361 + 10436. What is the remainder when 469 is divided by y?
19
Suppose 0 = 17*q - 29 - 379. Let c(i) = 0*i**3 + 10*i**3 - 3*i**3 - 8*i**3 + 4*i**2 + 4. What is the remainder when q is divided by c(3)?
11
Let o be 41/(-41) - (200 - -1). Let z = -165 - o. What is the remainder when 71 is divided by z?
34
Let v = -2895 + 9107. What is the remainder when v is divided by 5?
2
Suppose 2*b = 99 - 89. Calculate the remainder when 13 is divided by 6 - (81/(-135))/((-1)/b).
1
What is the remainder when 834 is divided by (16/14)/4 + (-172426)/(-1022)?
158
Let c be 2*(-3 + 3153/6 - 3). Suppose 0 = -2*f - 5*v - 30 + 533, c = 4*f - v. Suppose -14*n = -7*n - f. What is the remainder when 109 is divided by n?
35
Let o(s) = 317*s**2 + 4*s + 5. Calculate the remainder when o(-1) is divided by 6.
0
Suppose 27*q + 227 = 1082 + 10620. What is the remainder when q is divided by 39?
35
Let f(y) = y**2 + 3*y - 5. Let p be f(1). Let x be (p - (-6)/3)*4/1. Suppose 15*m = x*m + 77. What is the remainder when 18 is divided by m?
4
Let l(u) = -57*u - 16. Let f be l(2). What is the remainder when (f/50 + 3)*360 is divided by 73?
71
Suppose -8*s + 365 = -813 - 110. What is the remainder when s is divided by 65?
31
Let a(v) = v**2 + 19*v + 6. Suppose 0 = 3*o - o + b + 35, 4*o - 4*b + 52 = 0. Let c be a(o). Let i = -39 - c. What is the remainder when i is divided by 2?
1
Let r(g) = -g + 22. Suppose -2*w - a + 2*a + 39 = 0, -a - 22 = -w. Let s be r(w). What is the remainder when 77 is divided by (-13)/(((-10)/s)/4)?
25
Let a(t) = -15*t - 59. Let w(p) = 29*p + 116. Let z(u) = 5*a(u) + 2*w(u). What is the remainder when z(-6) is divided by 22?
17
Let x = -508 + 515. What is the remainder when 119 is divided by x?
0
Let a = -248 - -1002. What is the remainder when a + (-10*3/6)/(-1) is divided by 40?
39
Let c = -1902 - -2403. What is the remainder when c is divided by 252?
249
Suppose 0 = 31*c - 4705 - 2890. Let p = c + -229. What is the remainder when 75 is divided by p?
11
Let n = 40 - 37. Suppose -2*q = -4*w + 34 - 14, -3*q = -n*w + 27. What is the remainder when 21 is divided by 81/(-18)*q/3?
9
Let q(m) = 2*m**2 - 57*m + 223. What is the remainder when q(28) is divided by 22?
19
Let m(q) = -q**3 + 18*q**2 - 19*q - 43. Let d be m(15). Let h = -320 + d. Calculate the remainder when h is divided by 7.
6
Let c(m) = 7*m**2 - 52*m + 565. Calculate the remainder when c(14) is divided by 12.
9
Let y be 6/(-21) - (-24903)/63. Calculate the remainder when 71 is divided by (-4)/5 - y/(-25).
11
Let o(m) = -12*m + 6. Let b be o(-7). Suppose 5*f = b - 40. What is the remainder when 12 is divided by f?
2
Let k(p) = 66*p - 1021. What is the remainder when k(17) is divided by 14?
3
Suppose 0 = -s + z + 223, -z + 743 = 3*s + 86. Calculate the remainder when 793 is divided by s.
133
Let z = -26 + 80. Suppose p + 4*f - z = 0, 0 = -9*p + 4*p - f + 194. Suppose 56*v = 32*v + 240. What is the remainder when p is divided by v?
8
Let n(v) = -v**3 - 3*v**2 - 5*v - 4. Let w be n(0). What is the remainder when 39 is divided by 2 - w - (-4 + 0)?
9
Calculate the remainder when 2041 is divided by 48/8 + (153 - (-1 + 2)).
145
Let z(i) = -i**3 - 73*i**2 - 75*i - 155. What is the remainder when 146 is divided by z(-72)?
24
Let z = 4025 + -3720. What is the remainder when z is divided by 162?
143
Suppose -4*m - 4*f + 536 = 0, 793*m - 791*m = 2*f + 272. Calculate the remainder when m is divided by 31.
11
Suppose 0 = -19*h - 16476 + 137411. Calculate the remainder when h is divided by 32.
29
Suppose 3*g - 3*p = 552, 9*p = 3*g + 8*p - 544. Calculate the remainder when g is divided by 32.
20
Let f(j) = -942*j**2. Let c = -66 + 65. Let m be f(c). Calculate the remainder when (-10)/(-8) + m/(-8) is divided by 20.
19
Let o = 86 + -84. Suppose 4*k = 3*b + 120, -o*b + 140 = 7*k - 3*k. What is the remainder when 54 is divided by k?
21
Let g = -25450 - -26271. Calculate the remainder when g is divided by 55.
51
Let r be (-664)/28 + ((-40)/(-28))/(-5). Let t(q) = -q**2 - 11*q + 7. Calculate the remainder when t(-6) is divided by (-2 - 1)*80/r.
7
Suppose -5*q + 119 = 5*g - 16, -4*g - 102 = -2*q. Calculate the remainder when 126 is divided by q.
21
Suppose -8 - 7 = -3*i + 5*p, 3*i - 3*p = 15. Suppose -i*t = 2*t - 63. Let v = 6 - -25. Calculate the remainder when v is divided by t.
4
Let b be 2/6 - (-3)/(18/10). Suppose 336 + 514 = b*x. Suppose -7*l + x - 131 = 0. Calculate the remainder when l is divided by 18.
6
Let m(f) = -2*f**2 + 14*f + 13. Let a(n